rue
Is 778806773 a composite number?
True
Is 19613518373 a prime number?
False
Is 18223958239 a prime number?
True
Is 291964427 a prime number?
True
Is 3948817433 prime?
False
Is 14394874289 composite?
False
Is 1337685703 a composite number?
False
Is 1598977277 a prime number?
True
Is 11635740577 a composite number?
True
Is 498216977 prime?
False
Is 601130359 a composite number?
False
Is 11375859741 prime?
False
Is 92724181723 prime?
True
Is 3470150767 a composite number?
True
Is 58919871883 prime?
True
Is 241754921 a composite number?
True
Is 265150007 a composite number?
True
Is 1980636199 a composite number?
True
Is 2409316663 composite?
True
Is 1043027677 a prime number?
False
Is 24013147003 a composite number?
True
Is 21194149759 a prime number?
True
Is 225528293 a prime number?
False
Is 2639436991 composite?
False
Is 2576678617 prime?
False
Is 19873408099 a composite number?
False
Is 1611907849 a composite number?
True
Is 49748404327 composite?
True
Is 1816524353 a prime number?
False
Is 4254068869 prime?
True
Is 1800862157 a prime number?
False
Is 1245343699 a prime number?
False
Is 599973617 composite?
True
Is 2808916381 a composite number?
True
Is 6651726527 a prime number?
False
Is 302926594903 a composite number?
False
Is 65561440793 composite?
True
Is 189857651 a prime number?
True
Is 3928935431 a prime number?
True
Is 1649400881 composite?
True
Is 660948809 composite?
False
Is 427200833 a prime number?
True
Is 579645301 composite?
True
Is 1616618389 composite?
False
Is 976547191 a composite number?
True
Is 498799547 a composite number?
False
Is 71361139 composite?
True
Is 6068247109 composite?
False
Is 135673769323 a prime number?
True
Is 476665823 prime?
False
Is 108173171 prime?
False
Is 69411511867 composite?
True
Is 3561533999 composite?
False
Is 15149984009 a composite number?
False
Is 6191574223 a prime number?
True
Is 21046014853 a composite number?
True
Is 5936341079 a composite number?
False
Is 3487925803 prime?
True
Is 8186362097 a prime number?
False
Is 46718666887 a prime number?
True
Is 3882478289 a composite number?
False
Is 8914747651 composite?
True
Is 4449421447 a composite number?
True
Is 8824891081 a composite number?
True
Is 247679989 a composite number?
True
Is 4834905041 a composite number?
True
Is 247199111 composite?
True
Is 1270688747 a composite number?
False
Is 13146206141 a composite number?
False
Is 37664037943 composite?
True
Is 12871569181 a prime number?
False
Is 33510436291 a composite number?
False
Is 19921904267 a prime number?
True
Is 2277779549 composite?
False
Is 1703613733 a composite number?
True
Is 6590440007 a composite number?
True
Is 91113024653 prime?
False
Is 1305671603 composite?
True
Is 8383100395 composite?
True
Is 11774677163 composite?
True
Is 5214221383 prime?
False
Is 490328089 a composite number?
True
Is 44337679301 a composite number?
True
Is 4971856441 a composite number?
False
Is 3133884989 a prime number?
True
Is 835506223 prime?
True
Is 301273163 a composite number?
True
Is 761368589 composite?
True
Is 460188251 composite?
False
Is 394706909 a prime number?
True
Is 11650631051 prime?
False
Is 28667086027 prime?
True
Is 24511797517 a composite number?
True
Is 9016533602 composite?
True
Is 4403774971 prime?
False
Is 1449140819 prime?
False
Is 13624864103 a prime number?
True
Is 69018689 prime?
False
Is 31775951041 composite?
False
Is 7848209 composite?
False
Is 60772398593 a composite number?
True
Is 571998137 a prime number?
True
Is 268664411 a prime number?
True
Is 3792350591 a prime number?
True
Is 37586793701 a prime number?
True
Is 8120347933 a prime number?
False
Is 15831330589 a prime number?
True
Is 724242587 composite?
False
Is 807640051 composite?
False
Is 19686907 composite?
True
Is 596599987 a composite number?
True
Is 13574783 composite?
False
Is 43135377427 a composite number?
True
Is 907900733 a composite number?
True
Is 1812264647 a composite number?
False
Is 5152545733 a prime number?
True
Is 19939997029 composite?
False
Is 5673809101 prime?
True
Is 4510597823 composite?
True
Is 35848583381 prime?
False
Is 5008578161 composite?
True
Is 12144815909 a composite number?
False
Is 190979891393 a composite number?
True
Is 37574947889 composite?
False
Is 279717013 a prime number?
True
Is 10089015667 composite?
False
Is 14198999033 a composite number?
False
Is 370241591 composite?
False
Is 41802051319 composite?
True
Is 17234636807 composite?
False
Is 148668763 prime?
False
Is 8562660791 prime?
True
Is 2387634673 a composite number?
True
Is 11673589777 composite?
True
Is 3907650577 prime?
True
Is 10061195981 prime?
False
Is 72055378621 composite?
False
Is 3699575819 composite?
True
Is 415766418455 a prime number?
False
Is 19569334633 prime?
True
Is 423996107 a composite number?
False
Is 53152565489 prime?
True
Is 144600857 a prime number?
False
Is 13729184239 a prime number?
True
Is 2302386859 prime?
False
Is 46074464279 composite?
False
Is 339287603 prime?
True
Is 95106029 prime?
True
Is 145534429343 a prime number?
False
Is 867310019 a prime number?
True
Is 65574426895 a composite number?
True
Is 227034610571 a composite number?
False
Is 1263507851 a prime number?
False
Is 1480371121 a composite number?
True
Is 309535567 prime?
False
Is 2038254007 a prime number?
True
Is 2941653707 prime?
True
Is 7029992831 composite?
True
Is 624810427 a prime number?
True
Is 450078649 a composite number?
False
Is 1775599349 a composite number?
True
Is 8666085347 composite?
False
Is 8998421267 prime?
False
Is 4185968321 a prime number?
False
Is 506753053 a composite number?
True
Is 1805637349 prime?
False
Is 9134791 a composite number?
True
Is 8448736467 a prime number?
False
Is 2331716851 a composite number?
True
Is 189339983 composite?
True
Is 38811548243 composite?
True
Is 35713522289 prime?
True
Is 190288979 composite?
False
Is 36780236153 prime?
True
Is 1528962893 a composite number?
False
Is 1453717613 composite?
True
Is 40605904561 composite?
True
Is 1416074111 a composite number?
False
Is 2590711523 a prime number?
True
Is 5425559177 composite?
False
Is 560843989 composite?
True
Is 8214415669 prime?
False
Is 122631359 prime?
False
Is 2801026313 composite?
True
Is 344394863 a prime number?
False
Is 63102799 prime?
True
Is 2077899631 prime?
True
Is 24969763547 prime?
False
Is 499808161 prime?
False
Is 5472641357 prime?
True
Is 821247473 composite?
False
Is 75810871979 a prime number?
True
Is 2387444713 composite?
False
Is 13708204033 composite?
True
Is 236767435171 a composite number?
False
Is 766881773 prime?
False
Is 476004181 prime?
False
Is 597419827 a prime number?
True
Is 74314716629 a prime number?
True
Is 2197297381 prime?
True
Is 412451309 a composite number?
False
Is 2746953691 composite?
False
Is 17255257 a prime number?
True
Is 57878011 composite?
False
Is 6339988481 a composite number?
True
Is 1547413255 a prime number?
False
Is 19131344069 prime?
True
Is 88007863 a composite number?
False
Is 226010959633 composite?
False
Is 12017984401 prime?
True
Is 1259059253 a composite number?
True
Is 563759557 prime?
False
Is 82318272689 a prime number?
True
Is 2949009563 a prime number?
True
Is 255959823547 composite?
False
Is 184097019619 prime?
True
Is 393439499 prime?
True
Is 2351555939 composite?
False
Is 147775007 prime?
False
Is 3043948939 prime?
True
Is 248428555 prime?
False
Is 829191659 a composite number?
True
Is 164921459 composite?
False
Is 227950289 composite?
True
Is 10279694377 prime?
False
Is 113691059 composite?
False
Is 3672501527 composite?
True
Is 133068629 prime?
False
Is 1927427861 composite?
False
Is 14546958931 composite?
True
Is 636411059 a composite number?
True
Is 1345134871 composite?
True
Is 557614199 prime?
True
Is 5913713797 prime?
True
Is 41003998801 composite?
True
Is 149665979 a prime number?
False
Is 1638928427 a prime number?
True
Is 460838137 a composite number?
True
Is 29946344317 a composite number?
True
Is 6214097761 prime?
True
Is 20397734723 prime?
False
Is 19247495291 a prime number?
True
Is 640575535 a prime number?
False
Is 1666598317 a prime number?
True
Is 73442552221 composite?
False
Is 51751126531 composite?
True
Is 180092587 prime?
False
Is 13671104921 prime?
False
Is 3069920753 composite?
True
Is 96997044259 a compos